st the prime factors of w(p).
73
Let c(b) = -2 + 4 + 5 - 3*b. Let t be -5 + 2/1 - 2. List the prime factors of c(t).
2, 11
Let l = -225 + 806. What are the prime factors of l?
7, 83
Let l(r) = -585*r - 8. List the prime factors of l(-2).
2, 7, 83
Suppose -5*t = i - 1, -4*i + 34 = -5*t + 5. Let y(w) = w**3 - w**2 + 8*w - 33. List the prime factors of y(i).
3, 5, 13
Let x(f) = 0*f**2 - 14*f - 9*f - f**2 - 6*f - 16. What are the prime factors of x(-16)?
2, 3
Let l(m) = m**2 + 7*m - 1. Suppose -3*c = k - 2*k - 15, 4*c = -4*k + 20. Suppose 5*o = -2*i - 39, 0 = -3*o - c*i - 11 - 1. What are the prime factors of l(o)?
17
Let q be (-208)/72*12 + 1/(-3). Let z = q - -68. What are the prime factors of z?
3, 11
Suppose 8 = -3*x - 4*k, -5*k - 21 + 4 = 2*x. What are the prime factors of (-47)/(((-4)/6)/(x/3))?
2, 47
Let w = 8200 - 3505. List the prime factors of w.
3, 5, 313
Suppose 2*f - 2*s = 262, -5*s - 52 = 5*f - 707. Let n = -36 + f. What are the prime factors of n?
5, 19
Suppose 106*u - 109*u + 819 = 0. List the prime factors of u.
3, 7, 13
Let m(t) be the first derivative of 7 + 8*t + 1/2*t**2. What are the prime factors of m(8)?
2
List the prime factors of (-3 + 1 - -4)/(3/348).
2, 29
Suppose -85014 = -52*o - 17310. What are the prime factors of o?
2, 3, 7, 31
Suppose -12*n + 7*n - p = -1173, -4*p - 948 = -4*n. What are the prime factors of n?
5, 47
Let k(n) = -n**2 - 3*n + 2. Let v be k(-3). Suppose -4*z + v = -46. Let t = 17 - z. List the prime factors of t.
5
Let h(s) = 2*s**3 - 6*s**2 + 5. Suppose -4*v + 36 = 4*k, 0 = 3*v - v + 4*k - 28. Let w be h(v). What are the prime factors of w/5 - (-20)/(-50)?
7
Suppose 0*q + 249 = 3*q. Let x = -52 + q. Suppose -x - 1 = -l. List the prime factors of l.
2
Suppose -u + 28 = 15. Suppose u*i = 1391 + 13. What are the prime factors of i?
2, 3
Suppose -q = -6*q + 20. What are the prime factors of q + 20/(-5) - -46?
2, 23
Let h be -920 - -1 - 11/11. What are the prime factors of (h/(-4))/((-2)/2*-2)?
5, 23
Suppose 0*m + 5*m = 130. Suppose x - m = -7. List the prime factors of x.
19
Suppose -3*l = 5*n - 26, l + 4*l + 3*n = 38. Let d = -5 + l. Suppose -j - 14 = -d*j. List the prime factors of j.
2, 7
Let k be (-16)/20*10/(-4). Suppose -3*y + 4*y + 5*a + 6 = 0, 8 = 3*y + k*a. What are the prime factors of ((-39)/(-9))/(y/36)?
3, 13
What are the prime factors of 0 - (1*-68 + -1)?
3, 23
Suppose 0*w + 2*w - 5*o = -24, -o + 18 = -w. Let n = w + 51. What are the prime factors of n?
29
Suppose 3*f + 5*k = -5, 4*k = 5*f - 0*k - 41. Suppose 3*r + z = -92, -154 = f*r + z + z. What are the prime factors of r/(-2) + 3/(-3)?
2, 7
Let n be (-45)/18*4/(-5). Let d(s) = 15 + s - 3*s**3 + s**2 - s**2 + n*s**3. List the prime factors of d(0).
3, 5
Let q(s) = 3*s + 21. Let o be q(-7). Suppose 107 = g + w, o*w + 12 = 4*w. Let x = -62 + g. List the prime factors of x.
2, 3, 7
Let k = -525 + 575. Let s(v) = 34*v**3 + 2*v**2 - 1. Let l be s(-1). Let p = k + l. List the prime factors of p.
17
Let o = 70 + -72. List the prime factors of 1/o + -2 + 82/4.
2, 3
Suppose -v - 2 + 5 = 0. Suppose -5*j + 1301 = 2*k, k = -3*j - v*k + 789. What are the prime factors of j?
7, 37
List the prime factors of (-19 - -8) + -11 + 711.
13, 53
Suppose -10*a + 20*a = 0. Let w = 6 - 4. Let m = w + a. List the prime factors of m.
2
Let t be 13/3 - (-8)/12. Suppose t = 2*g - g. Let u(b) = b**2 - 4*b + 7. What are the prime factors of u(g)?
2, 3
What are the prime factors of 1 + ((-42936)/108)/((-5)/45)?
3, 1193
Suppose -23*k + 26*k - 2*o - 435 = 0, 0 = 5*o - 15. Suppose -2*c + k = 41. What are the prime factors of c?
53
Suppose w + 68 = d, -3*d - 3*w + 216 = -0*w. What are the prime factors of d?
2, 5, 7
Let x be (-66)/(-77)*7*-1. Let z = x + 29. List the prime factors of z.
23
Suppose -2*p = -5*b - 10 - 0, 0 = b. Suppose -q = -p*q + 20. List the prime factors of q.
5
Suppose -11*b = -2019 - 1754. List the prime factors of b.
7
Let d = 5 + -3. Suppose -d*w + 6 = w. Suppose w*t = 7*t - 50. List the prime factors of t.
2, 5
Let n = 33 - 30. What are the prime factors of 38 + 0*n/9?
2, 19
Let k(c) = 10*c. Let h be (-1 + -4)*(-12)/10. Let x(r) = -2*r + 15. Let u be x(h). What are the prime factors of k(u)?
2, 3, 5
Suppose 5*k = 5*b - 5, k - 10 = -2*b - k. Suppose 5*h - 322 = b*h. List the prime factors of h.
7, 23
Let s = 1571 + 111. What are the prime factors of s?
2, 29
Let d be ((-9)/2 + 2)/(5/(-10)). Suppose d*u = 4*c - 82 - 147, -u = 2*c - 111. What are the prime factors of c?
2, 7
Let u = 4 - -6. Suppose -u*z = -7*z + 9. What are the prime factors of (11/4)/(z/(-36))?
3, 11
Let l(c) = -c + 10. Let m(q) = -q**2 + 13*q - 14. Let t be m(11). Let g be l(t). Suppose 49 - 13 = g*u. List the prime factors of u.
2, 3
Suppose -8*v = -295 - 73. List the prime factors of v.
2, 23
Let o be -2*(-3)/6*2. Suppose -o*c - 73 = -289. Suppose 0 = -3*k + 9, -d + 4*k = -4*d + c. What are the prime factors of d?
2
Suppose -4*u - 6126 = -5*p, -17*p + 12*p + 6131 = u. List the prime factors of p.
2, 613
Let i(z) = z**2 + 2*z - 17. Let d be i(4). Suppose d*a + 534 = 10*a. What are the prime factors of a?
2, 89
Let u be ((-4)/5)/((-2)/(-10)). Suppose 8 - 38 = -5*w. List the prime factors of (-2 - w)*(-5 - u).
2
Suppose 0 = 2*i + i - 2*k + 20, 0 = 4*i - 2*k + 30. Let f = i - -16. List the prime factors of (4/f)/(8/144).
2, 3
Suppose -4*x - 12 = 0, -101*x - 15277 = -4*p - 106*x. List the prime factors of p.
3823
Suppose 4*c + 3*p = 6*p + 4402, 2*c - 2206 = 4*p. What are the prime factors of c?
7, 157
Let s(t) = t**3 + 10*t**2 + 16*t - 6. Let v = 59 - 66. What are the prime factors of s(v)?
29
Suppose -36*p + 231 = -21729. List the prime factors of p.
2, 5, 61
Suppose 45960 = 31*h + 29*h. List the prime factors of h.
2, 383
Let o = -23 - -27. Suppose 35 = l + o*l. List the prime factors of l.
7
Suppose 0 = -28*g + 33*g - 25. Suppose -4*o - l = -33 - 151, g*l + 92 = 2*o. List the prime factors of o.
2, 23
Suppose -4*f + 12 = -2*q, -f - 3*q - 10 = -3*f. Suppose -2*x = f*x - 360. Let u = x + -63. What are the prime factors of u?
3
Let k be 10*(-5 - 549/(-2)). Suppose k = 15*x - 4*x. What are the prime factors of x?
5, 7
Suppose 4 = 5*v - 16. Suppose 2*m - v*a = -48, 5*a - 12 = a. Let y = m + 38. What are the prime factors of y?
2, 5
Suppose -4*a + 30 = 30. Suppose -l - 3 = a, -4*c + 409 = -4*l + l. What are the prime factors of c?
2, 5
Suppose 0 = -5*p + 15, 16 = -t + 3*p + 2*p. List the prime factors of t/(2/(-4)) - (0 + -102).
2, 13
Let y(q) = 4*q**2 - 7*q + 2. Suppose 2*s + 4*w = 6, 7*s + 2*w = 2*s + 23. List the prime factors of y(s).
67
Suppose 5*t + 3*c - 24 = 0, 4 = t + 2*c - 5. Suppose 0*s = 2*y + 3*s - 87, -t*y + 133 = 2*s. List the prime factors of y.
3, 5
Let i(l) = -l + 13. Let y be i(10). Suppose y*m - 3*j = -4 - 35, -2*m - 31 = -j. List the prime factors of m/(1 - (-20)/(-12)).
3
Suppose -10 = p + 2*p + 2*s, -5*p + 5*s = 0. Let m = 1 - p. Suppose 0*g = 2*v - g - 27, m*v = -g + 43. What are the prime factors of v?
2, 7
Suppose 0 = h + 3, h - 944 - 1177 = -2*s. What are the prime factors of s?
2, 3, 59
Let a = -84 - -210. Let q = a - 42. What are the prime factors of (10/15)/(2/q)?
2, 7
Suppose 2*m - 126 = 1412. What are the prime factors of m?
769
Let u = 85 + -73. List the prime factors of (-2)/u*2 + (-16720)/(-66).
11, 23
Let r(p) = p**3 - 6*p**2 + 14. Let q(o) = -o**3 - o**2 - 4*o - 6. Let d be q(-2). What are the prime factors of r(d)?
2, 7
Suppose -m - 5 = -0, 4*j + 5*m = -37. Let n(g) = -19*g + 17. What are the prime factors of n(j)?
2, 37
Let y = 178 + -126. Let z be (-1 + -34)/(3/(2 + 1)). Let w = z + y. What are the prime factors of w?
17
Let a be ((-892)/12)/(4/12). Let t = -155 - a. Suppose -5*o = -t - 2. What are the prime factors of o?
2, 7
Suppose 4 = -2*p - 2*p, -5*p = -3*o - 1. List the prime factors of (12/(-9))/o*-1*-426.
2, 71
Suppose 322*q - 325*q + 1992 = 0. List the prime factors of q.
2, 83
Suppose -71*j + 70*j - 29 = 0. Let i = 61 - 19. Let a = j + i. What are the prime factors of a?
13
Let k be (-16)/(-6)*9/6. Let u(v) = -v**3 + 5*v**2 + 2*v - 1. List the prime factors of u(k).
23
Suppose 0 = -5*f + 3*p + 1830, 3*f = 2*f - 3*p + 348. What are the prime factors of f?
3, 11
Let b(i) = 17*i - 7. Let q(m) = 4*m - 2. Let v(d) = -6*b(d) + 26*q(d). Let o b